) = -2*v**2 + v - 22. Let o(z) = -b(z) - l(z). Calculate the remainder when u is divided by o(0).
21
Let y(d) = -d**3 - 6*d**2 + 10*d - 11. Let r = 20 + -7. Calculate the remainder when y(-8) is divided by r.
11
Let k(m) = -m**2 + 6*m + 5. Let r be k(6). Suppose -n + r = f + 4*f, -3*n = f - 15. Calculate the remainder when 14 is divided by n.
4
Suppose 0 = -4*s + 4, 3*h - s - 19 - 10 = 0. Calculate the remainder when 109 is divided by h.
9
Suppose -3*a + 2*a = -12. What is the remainder when a is divided by 5?
2
Calculate the remainder when -3 - 11/(-2)*6 is divided by 16.
14
Suppose 0 = -5*x - g + 107, -x + 4*x + 5*g = 73. Suppose -2*o + 83 - x = 0. What is the remainder when o is divided by 8?
7
Suppose 0 = -2*l + 3*l + 11. Let o = 18 + l. What is the remainder when -1 + (-2)/(4/(-42)) is divided by o?
6
Let u(r) = 4*r**2 + 4*r. Let b be u(-5). Suppose 78 = d + 3*y - 5*y, -d + 4*y = -b. What is the remainder when d is divided by 26?
24
Let r(m) = m**2 + 14. Calculate the remainder when 111 is divided by r(0).
13
Let s be 0/(-4*3/(-6)). Suppose 4*f + 129 + 42 = 3*c, 3*c - 5*f - 174 = s. What is the remainder when c is divided by 14?
11
Let r(n) = 3*n + 51. Calculate the remainder when 56 is divided by r(-12).
11
Let u(y) = -3*y + 1. Let m be u(-1). Suppose 4*b - m*f = 56, -91 = 3*b - 8*b - 2*f. Calculate the remainder when 31 is divided by b.
14
Let o be 1/2 - (-1)/(-2). Let d(b) = -b - 15. Let l be d(o). Calculate the remainder when ((-6)/4)/(l/130) is divided by 7.
6
Let x(l) = -l**3 - 8*l**2 - l - 8. Let u be x(-8). Suppose u = -0*g - 4*g + 256. Suppose 0 = -5*s + 96 + g. What is the remainder when s is divided by 11?
10
Suppose -3*r = 74 - 95. What is the remainder when r is divided by 5?
2
Suppose 0 = -4*o - 5*p + 110, -3*o = 5*p - 2*p - 81. Calculate the remainder when 146 is divided by o.
21
Suppose 0 = -2*a + 6*a + 100. Let d = 16 + a. Let w(m) = -3*m + 3. Calculate the remainder when w(d) is divided by 16.
14
Let g(a) = -2*a - 4. Let f be g(-3). Suppose -f*r + 7*r = -3*b + 51, r = 0. Calculate the remainder when 32 is divided by b.
15
Let q be 1/(-5) + (-2403)/(-15). Suppose 2*s + 3*s = q. What is the remainder when s is divided by 17?
15
Let c be 4/(-14) + (-48)/(-21). Suppose -c*l + 5*l + 40 = q, -2*q = -l - 75. Calculate the remainder when q is divided by 13.
11
Let b(x) = -x**3 - 2*x**2 + 7*x + 3. Suppose -66 = -0*z - 3*z. Calculate the remainder when b(-5) is divided by z.
21
Suppose -5*c + 61 + 129 = 0. Let n(h) = h**3 - 7*h**2 + 9*h - 5. What is the remainder when c is divided by n(6)?
12
Suppose 2*n = 6*n - 4*o - 40, -15 = -2*n + o. Suppose -75 = -5*q - 4*w, 3*q = n*q + 5*w - 47. Calculate the remainder when 20 is divided by q.
9
Let t(r) = 27*r - 35. Calculate the remainder when t(8) is divided by 37.
33
Suppose 0 = 5*u + 4*y - 87, -2*y - 4 = -4*u + 50. What is the remainder when u is divided by 2/(-6)*(-30 + 6)?
7
Let a = 2 + -2. Suppose -o - 2 + a = 0, -5*f = -4*o - 68. Calculate the remainder when ((-6)/(-4))/(f/32) is divided by 3.
1
Suppose 74 = 4*t - 2*q, 0 = 2*t + 3*q - 2*q - 47. Calculate the remainder when t is divided by (2*2/(-12))/(15/(-360)).
5
Let g = -23 - -26. Suppose -2*w = -g*w + 14. What is the remainder when 27 is divided by w?
13
Let q be 63 + (-6*1)/(-3). Suppose 4*a + 75 + 73 = 0. Let t = a + q. Calculate the remainder when t is divided by 10.
8
Let w = 12 + 3. What is the remainder when 42 is divided by w?
12
Let n = -35 + 66. What is the remainder when n is divided by 8?
7
Suppose 0 = -3*c + 5*a + 2 - 9, 4*a - 2 = 3*c. Calculate the remainder when c is divided by 4.
2
Suppose 5*c - 20 = c, 2*w = 2*c + 130. Let o = w + 132. Suppose 5*l - 5*v - o = l, 4*l + 2*v = 188. Calculate the remainder when l is divided by 17.
14
Let x = 29 - 1. What is the remainder when x is divided by 6?
4
Let w be 6/12 - (-22)/4. What is the remainder when (46/4)/(w/12) is divided by 9?
5
Let z be 5/((3/2)/3). Let b = 19 - z. Let t = -25 + 42. Calculate the remainder when t is divided by b.
8
What is the remainder when 14 is divided by (-4)/((-48)/(-15))*-4?
4
Suppose p - 19 = -10. Let v(t) = t**2 - t + 16. What is the remainder when v(0) is divided by p?
7
Suppose 4*a - 28 = -4. Suppose 5*y - 5*m = 20, -25 = -3*y - 4*m + 22. What is the remainder when y is divided by a?
3
Suppose -h = 5*o + 15, -5 - 4 = h + 3*o. Suppose h = 3*r - 6, -2*r = -4*d - 0*r + 40. Calculate the remainder when 18/27 - (-94)/3 is divided by d.
10
Suppose -4*s = 7 + 97. Let m = 28 + s. What is the remainder when m is divided by 2?
0
Calculate the remainder when 16/(-20)*(2 + -22) is divided by 6.
4
Let r(p) = -p**3 + 8*p**2 - 10*p + 9. What is the remainder when 61 is divided by r(6)?
19
Suppose -5*i + 4*i + 6 = 0. Let s = i + -3. Suppose -f + 5*f - 16 = 0. Calculate the remainder when f is divided by s.
1
Let x be 22 + 1 + (-4)/(-2). What is the remainder when 51 is divided by x - (-1 - 0) - 0?
25
Let v = 54 + 25. Calculate the remainder when v is divided by 8.
7
Suppose -5*n = -0*n + 5. Let a = n + 4. Suppose 20 = 4*c - a*c. Calculate the remainder when c is divided by 11.
9
Let t(b) = 2*b + 6. What is the remainder when 87 is divided by t(6)?
15
Let p = 9 + -9. Suppose r - 5*s + 2 = -p*r, -5*r - 4*s = -19. Calculate the remainder when 11 is divided by r.
2
Let r(c) = -7*c + 3. Let w(o) = 190*o - 80. Let s(t) = -55*r(t) - 2*w(t). Calculate the remainder when s(4) is divided by 8.
7
Let s(x) = x**3 - x**2 + x - 2. Let q be s(0). What is the remainder when (1/(-2))/(q/112) is divided by 15?
13
Suppose -2*h + 5*h = 4*i - 35, -11 = -i + 3*h. What is the remainder when 39 is divided by i?
7
What is the remainder when 72/(-14)*(-4)/(8/21) is divided by 28?
26
Calculate the remainder when ((-264)/18)/(6/(-45)) is divided by 7.
5
Let a(x) = 10*x - 8. Calculate the remainder when a(23) is divided by 45.
42
Let m be -1 - (1 + (-1 - -2)). Calculate the remainder when 38 is divided by 2 + ((-39)/m - 2).
12
Let v = 2 + -4. Let m be 0*-1*(1 + v). Suppose 2*n - 5 = 3*l, 5*n - l - 20 - 25 = m. What is the remainder when 28 is divided by n?
8
Let o(f) = 4*f**2 + 36*f - 6. What is the remainder when o(-10) is divided by 20?
14
What is the remainder when 4/16 + 358/8 is divided by 16?
13
Suppose -5*r + 10 = 0, -3*p + 5*r - 14 = -43. Let l = p + 2. What is the remainder when l is divided by 9?
6
Suppose 0 = y - 2*y - v + 24, -5*v = -y + 24. Suppose 0 = -2*k + x + 147, k + 4*x + 304 = 5*k. What is the remainder when k is divided by y?
23
Suppose -o + 3 = 0, -7 = -4*p + 3*o + 124. Calculate the remainder when p is divided by 20.
15
Suppose 13*u - 1040 = 5*u. What is the remainder when u is divided by 22?
20
Calculate the remainder when (-2)/(-2)*(22 - -1) is divided by -6*3*-1*2/6.
5
Let i(u) = -u + 2. Let g(a) = -a**2 - 2*a. Let j be g(-2). Let r be i(j). Suppose 0*z = -z - 2*c, -r*c - 10 = 0. What is the remainder when 28 is divided by z?
8
Suppose 3*n - 6 = 3. Suppose 0 = 4*y - n*y - 19. What is the remainder when 1/(114/111 + -1) is divided by y?
18
Suppose -x - 3*x = -68. Suppose 2*k - 62 = g, 0*k + 2*k + 2*g = 74. What is the remainder when k is divided by x?
16
Suppose 0 = -2*u - 4*b + 20, u - 20 = 4*u - 4*b. Calculate the remainder when u/(-3) + (0 - -6) is divided by 3.
0
Let g = -24 - -77. Calculate the remainder when g is divided by 27.
26
Let z(u) = u**2 + 6*u - 8. Calculate the remainder when z(-13) is divided by 12.
11
Suppose -3*j + 7 = -14. Suppose 2*c - 5*m - 6 - 47 = 0, 54 = 3*c + m. What is the remainder when c is divided by j?
5
Let w = 91 - 54. Calculate the remainder when w is divided by 10.
7
Let u(t) = -t**3 - 2*t**2 - 4*t - 3. Let l be u(-5). Suppose -3*f + l = 3*r - 4, 58 = 2*f - r. What is the remainder when f is divided by -3*(-1)/(3/8)?
6
Let s(g) = -14*g**3 - 3*g**2 - 4*g - 2. Let v(d) = -14*d**3 - 4*d**2 - 5*d - 3. Let o(u) = -4*s(u) + 3*v(u). What is the remainder when 26 is divided by o(1)?
12
What is the remainder when (-24)/1*(6 + -7) is divided by 13?
11
Let c(o) = 2*o. What is the remainder when c(8) is divided by 4?
0
Calculate the remainder when (4/12)/(4/60) is divided by 3.
2
Suppose 0 = 4*s - l + 5, -2*l + 7*l = -5*s. What is the remainder when (-2 + s)*20/(-3) is divided by 11?
9
Let a(h) = 21*h - 6. Let k be a(7). Let j = k